 5*h**4/12 - h**3/6 - 3*h**2/2 - h. List the prime factors of q(3).
2, 3
Suppose -27 - 21 = 2*r. What are the prime factors of (12/8)/((-2)/r)?
2, 3
Suppose 5*v - 6 = 3*h, -2*v - 10 = -h + 6*h. Let a = h - 24. Let q = 43 + a. What are the prime factors of q?
17
Suppose -8 = -2*x - 0*x. Suppose 0 = x*s - 6 - 2. List the prime factors of s.
2
Suppose 5*k + 14 = 39. Suppose -5*u = -3*h, 3*u + 2*h = 7*u. Suppose -2*g = 0, u*d = 5*d + k*g - 60. List the prime factors of d.
2, 3
Let l(r) = -r**3 + 6*r**2 - 2*r + 4. Let w be l(3). Suppose -3*y - 2*y = -w. Let s(k) = k**2 - 4*k + 5. List the prime factors of s(y).
2, 5
Let k be (-6)/(1/(24/9)). Let w be (-20)/k*(-8)/(-2). Suppose -r - 11 = -w*j, -2*r + 3*j - 57 = -7*r. List the prime factors of r.
3
Let q be 3*(12 + 2/(-2)). Let t = q + -16. List the prime factors of t.
17
Suppose k - 183 = -2*k. List the prime factors of k.
61
Let j(y) = -4*y + 4. Let t be j(-4). Suppose -3*d = -t - 10. What are the prime factors of 32/d - 1/5?
3
Let r be 202/(-6) + 4/6. Let g be (1*4)/(14/(-21)). What are the prime factors of (r/g)/((-2)/(-4))?
11
Let o = 2 + 2. Suppose 0*v = o*w - 5*v - 88, w = 2*v + 22. List the prime factors of w.
2, 11
Let v(m) = m**3 + m**2 + m - 1. Let y be v(1). Suppose 0 = -2*a - 4*n + y, -a - n + 8 = a. What are the prime factors of a/1*16/10?
2
Let x(r) = 9*r**2 - 2 - 8*r**2 + 9*r - 2*r**2. What are the prime factors of x(7)?
2, 3
Suppose -15*m + 7 = -2123. What are the prime factors of m?
2, 71
Let k = 2 + 3. Suppose -4*g + k*g = 2. Suppose -g*i = i - 21. List the prime factors of i.
7
Suppose 21 = 4*i - 5*f, 0 = -5*i - 5*f - 3 + 18. Suppose -79 - 57 = -i*a. What are the prime factors of a?
2, 17
What are the prime factors of ((-21)/(-6) + -3)*152?
2, 19
Let w be (-144)/(-20) + (-3)/15. Let i(t) = -t**2 + 12*t - 17. List the prime factors of i(w).
2, 3
Let k = -3 + 5. Suppose 20 = k*h - 0. List the prime factors of (14/4)/(5/h).
7
Let u = 28 - -140. List the prime factors of u.
2, 3, 7
Suppose k = -k + 2. Let z = k - 5. Let t = z + 14. List the prime factors of t.
2, 5
Let x(o) be the second derivative of 1/12*o**4 - 2*o - 1/6*o**3 - 1/2*o**2 + 0. List the prime factors of x(3).
5
Let n be -4 + (-4 - (-3 - 29)). Suppose -70 = -2*j + n. List the prime factors of j.
47
Suppose -x - 2*d + 26 = 0, -4*d + 2*d = -3*x + 102. List the prime factors of x.
2
Suppose 82 + 224 = 9*b. List the prime factors of b.
2, 17
Let o(u) = -u**2 - 6*u. Suppose 3*v = -0*v - 15. What are the prime factors of o(v)?
5
Suppose 3*c + 22 = 5*c. Let q = c + -3. List the prime factors of q.
2
Let k = 76 - 21. Suppose -3 + k = 2*l. List the prime factors of l.
2, 13
Suppose 5*y = -3*o + 93, y - 2*o = 18 + 11. Let d be (-133)/y - (-2)/(-3). Let z(a) = -a**3 - 6*a**2 + 5*a. What are the prime factors of z(d)?
2, 7
Let z be 10/4 - 7/(-14). List the prime factors of z - -2*18/3.
3, 5
Let w(v) = -v**2 - 6*v + 7. Let q be w(-8). Let y(f) = f**2 + 13*f - 1. Let u be y(q). Let a = u - -55. What are the prime factors of a?
2, 3
Let d be (-1)/(-3) - 124/3. Let y = 69 + d. What are the prime factors of y?
2, 7
Let s = 398 - 78. List the prime factors of s.
2, 5
Let o(q) = -2 + 3*q + 0*q - 2*q. Let t be 5*(-3)/9*-3. List the prime factors of o(t).
3
Let v = -67 + 224. List the prime factors of v.
157
Suppose 142 = 3*w + 4*x, w = 2*w - 4*x - 26. List the prime factors of w.
2, 3, 7
Let x = 2 - 14. Suppose 2*a = v + 41, -5 - 5 = 2*v. Let l = x + a. List the prime factors of l.
2, 3
Let x be (0/1)/(2 + -3). Suppose x = 3*p - 0*p. Suppose p = q - 2*q + 5. What are the prime factors of q?
5
Suppose 4*u + 4 - 16 = -4*d, -2*u + 5*d = -34. Let k(c) = -c**2 + 10*c - 10. List the prime factors of k(u).
11
Let c = 5 + 3. Let s = -5 + c. Let y = s + 2. What are the prime factors of y?
5
Let s(i) = -3*i + 11. Let m be s(-11). Let r = m + -8. Suppose 0 = 5*u - 2*u - r. List the prime factors of u.
2, 3
Suppose -1217 = -4*c + p, 2*c - 607 = 3*p - 4*p. List the prime factors of c.
2, 19
Suppose 0 = w + 94 - 252. List the prime factors of w.
2, 79
Let w be 16/10*(1 + 4). Suppose -i = -5*i + w. Suppose -5 = -i*y + 1. List the prime factors of y.
3
Suppose -3*t = -0*t + 9. Let w be (-6)/(-21) - (-4)/(-14). What are the prime factors of w/(3/t) - -12?
2, 3
Suppose -h - 4*a = -0*h - 64, -3*h - 5*a = -157. Suppose -h = -2*w - 0*w. List the prime factors of w.
2, 11
Suppose 2*x - 2 = -6, 5*x = 4*u - 30. Let h be u/1*12/30. Suppose 0 = -h*a + 23 + 3. What are the prime factors of a?
13
Suppose 0 = 4*z - 5*c - 797, 3*z + c - 275 = 299. What are the prime factors of z?
193
Let j = 10 - 6. What are the prime factors of (6 - 18)*j/(-3)?
2
Let f(l) be the first derivative of l**5/120 + l**4/24 + 2*l**3/3 - 1. Let b(u) be the third derivative of f(u). What are the prime factors of b(5)?
2, 3
What are the prime factors of (-4)/(-3)*-6*-18?
2, 3
Let f = -16 - -20. What are the prime factors of f?
2
Let p = -34 - -47. What are the prime factors of p?
13
What are the prime factors of (-8)/(-14) - 416/(-7)?
2, 3, 5
Suppose -3*l - 2*l = 25. Let x = l - -12. What are the prime factors of x?
7
Suppose 0 = -4*t - 2*o + 1102, o + 2186 - 812 = 5*t. List the prime factors of t.
5, 11
Let c = 63 + -45. Suppose 4*z = d + z - 43, -2*z + c = d. What are the prime factors of d?
2, 7
Let p(g) = -5 - 2*g**3 + 3*g + 9*g**2 + g**3 + 13. What are the prime factors of p(9)?
5, 7
Let c(i) = 8*i**2 + 2*i - 1. Let p be c(-2). Let k = -1 - 1. List the prime factors of k*p/12*-2.
3
Suppose -4*v - 9 = 19. Let r(g) be the third derivative of g**5/60 + 7*g**4/24 + 4*g**3/3 - 2*g**2. List the prime factors of r(v).
2
Let h be (50/(-8))/(-5)*4. Suppose -72 = -9*n + h*n. List the prime factors of n.
2, 3
Let p(n) = 24*n - 2. Suppose -5*i - g = -8, 5*i + 4*g - 3 + 1 = 0. What are the prime factors of p(i)?
2, 23
Let x be 2*(6/(-2) + 4). Suppose 2 = x*w - 2. What are the prime factors of w?
2
Suppose 0 = 3*p - 4*p - 33. Let v = -20 - p. What are the prime factors of v?
13
Let s be 30/4*56/21. Suppose -2*l = -0*l - s. List the prime factors of l.
2, 5
Let t be (1 - -1)/(-4)*-6. Suppose 3*m - t = 0, -m + 2*m + 9 = 5*i. What are the prime factors of i?
2
Let h = -8 + 7. Let b = h + 4. Suppose b*z = 0, -15 - 1 = -4*a + 2*z. What are the prime factors of a?
2
Let s(j) = -3*j - 3*j - 3 + 5*j. Suppose -2*z - 10 = 4. What are the prime factors of s(z)?
2
Let b(w) = -w**3 - 5*w**2 + 8*w - 5. Let i be b(-7). Let z = i + -13. List the prime factors of z.
2, 3
Let u(o) = o - 4. Let p = 14 - 6. Let j be u(p). Suppose -4*i + 40 = -j. List the prime factors of i.
11
Let o be 83 + 4 + 3 + -4. Suppose 2*z - o = -5*q, 4*q - 39 - 37 = -4*z. Suppose 0*x - q = -2*x. What are the prime factors of x?
2
Let i(p) = p**3 - 5*p**2 + 5*p - 2. Let u be i(6). Suppose 14 + 0 = w - j, 4*w + 4*j = u. List the prime factors of w.
3, 5
Suppose -2*u + 68 = -4*l - 158, 0 = 2*u - 3*l - 230. List the prime factors of u.
11
Let t be ((-60)/7)/2*-7. Suppose 3*r + 96 = -t. List the prime factors of 2/(-8) - r/8.
5
Let k(b) = 5*b + 1. Suppose u + 0*u = 0. Suppose l + 2 - 3 = u. What are the prime factors of k(l)?
2, 3
Let c(m) = 4*m**2 - m. Let l be c(1). Suppose s = l*s + 8. List the prime factors of ((-18)/s)/(1/2).
3
Suppose 0 = -5*w - 3 - 2. Let p = 1 + w. What are the prime factors of 4 + (3/3 - p)?
5
Suppose 0 = 4*x + 4*m - 36, 2*m + 18 = 2*x + 3*m. List the prime factors of x.
3
Suppose -3*s = -2*s - 123. What are the prime factors of s?
3, 41
Let k(l) = l**3 + 9*l**2 - l - 9. Let y be k(-9). Let c = y + 5. What are the prime factors of ((-15)/(-6))/c*14?
7
Suppose -212 = -4*f - 0*f - 2*p, -4*f + 3*p + 232 = 0. List the prime factors of f.
5, 11
Suppose -5 = -k + 54. List the prime factors of k.
59
What are the prime factors of 38/4*(-3 - -5)?
19
Let r(t) = t + 2. Suppose 4*s + 2*o = 48, -3*o = 4*s + o - 56. What are the prime factors of r(s)?
2, 3
Let w(d) = d - 2. Suppose b = 0, 3 = -v - b + 9. What are the prime factors of w(v)?
2
Suppose y = -27 + 93. What are the prime factors of y?
2, 3, 11
Let f(w) = w**3 + 8*w**2 + 4. Let c be f(-8). Let g = -7 + 14. Let m = g - c. What are the prime factors of m?
3
Let y = 2 + -9. Let x(g) = g**3 + 7*g**2 - 2*g - 8. Let b be x(y). Let k = 0 + b. What are the prime factors of k?
2, 3
Le